hat is the remainder when 53148 is divided by 949?
4
Calculate the remainder when 1282 is divided by 1141.
141
Calculate the remainder when 111203 is divided by 73.
24
What is the remainder when 5756 is divided by 93?
83
What is the remainder when 5782 is divided by 5612?
170
What is the remainder when 22147 is divided by 326?
305
Calculate the remainder when 279304 is divided by 101.
39
Calculate the remainder when 6502 is divided by 1444.
726
Calculate the remainder when 54382 is divided by 2588.
34
Calculate the remainder when 130572 is divided by 42.
36
Calculate the remainder when 5262 is divided by 698.
376
Calculate the remainder when 167483 is divided by 167483.
0
What is the remainder when 1036035 is divided by 518003?
29
What is the remainder when 125997 is divided by 17999?
4
Calculate the remainder when 36093 is divided by 36091.
2
Calculate the remainder when 11424 is divided by 1032.
72
What is the remainder when 644481 is divided by 105?
96
What is the remainder when 2779 is divided by 918?
25
Calculate the remainder when 87836 is divided by 303.
269
What is the remainder when 20652 is divided by 1848?
324
Calculate the remainder when 78580 is divided by 5.
0
Calculate the remainder when 823 is divided by 27.
13
Calculate the remainder when 16022 is divided by 15950.
72
Calculate the remainder when 200397 is divided by 16.
13
Calculate the remainder when 62835 is divided by 120.
75
What is the remainder when 74534 is divided by 13?
5
What is the remainder when 2457 is divided by 12?
9
What is the remainder when 666352 is divided by 24?
16
Calculate the remainder when 299470 is divided by 4.
2
What is the remainder when 1303885 is divided by 14?
9
What is the remainder when 23026 is divided by 10?
6
Calculate the remainder when 26001 is divided by 394.
391
What is the remainder when 68291 is divided by 471?
467
Calculate the remainder when 2768 is divided by 1305.
158
What is the remainder when 2474 is divided by 112?
10
Calculate the remainder when 26623 is divided by 317.
312
Calculate the remainder when 88158 is divided by 1100.
158
What is the remainder when 49183 is divided by 3?
1
What is the remainder when 18798 is divided by 3060?
438
What is the remainder when 6356 is divided by 318?
314
Calculate the remainder when 441630 is divided by 88321.
25
What is the remainder when 8393 is divided by 3?
2
What is the remainder when 94458 is divided by 23606?
34
What is the remainder when 633672 is divided by 316793?
86
Calculate the remainder when 7693 is divided by 3480.
733
What is the remainder when 1663982 is divided by 13?
8
Calculate the remainder when 28597 is divided by 143.
140
What is the remainder when 706 is divided by 7?
6
Calculate the remainder when 9246 is divided by 307.
36
Calculate the remainder when 5510499 is divided by 23.
21
Calculate the remainder when 11051 is divided by 661.
475
What is the remainder when 6890 is divided by 62?
8
What is the remainder when 2738 is divided by 618?
266
What is the remainder when 423017 is divided by 514?
509
What is the remainder when 75842 is divided by 5397?
284
What is the remainder when 4304 is divided by 34?
20
What is the remainder when 26124 is divided by 134?
128
What is the remainder when 23616 is divided by 605?
21
Calculate the remainder when 1996783 is divided by 11.
8
Calculate the remainder when 8624 is divided by 2859.
47
What is the remainder when 1660 is divided by 49?
43
Calculate the remainder when 5688 is divided by 517.
1
What is the remainder when 136948 is divided by 2245?
3
What is the remainder when 77125 is divided by 7011?
4
Calculate the remainder when 24399 is divided by 42.
39
Calculate the remainder when 6619 is divided by 235.
39
What is the remainder when 323354 is divided by 90?
74
Calculate the remainder when 8489 is divided by 32.
9
Calculate the remainder when 548343 is divided by 548340.
3
Calculate the remainder when 2556851 is divided by 727.
719
Calculate the remainder when 142036 is divided by 670.
666
What is the remainder when 330772 is divided by 58?
56
Calculate the remainder when 39935 is divided by 1111.
1050
What is the remainder when 105839 is divided by 15?
14
Calculate the remainder when 44703 is divided by 324.
315
Calculate the remainder when 109912 is divided by 23.
18
What is the remainder when 156214 is divided by 52069?
7
What is the remainder when 3598 is divided by 45?
43
Calculate the remainder when 6762 is divided by 182.
28
Calculate the remainder when 1810 is divided by 1773.
37
Calculate the remainder when 3860 is divided by 479.
28
What is the remainder when 4974 is divided by 973?
109
What is the remainder when 4209 is divided by 720?
609
Calculate the remainder when 58323 is divided by 11651.
68
Calculate the remainder when 61058 is divided by 320.
258
What is the remainder when 4605 is divided by 165?
150
What is the remainder when 27525 is divided by 2639?
1135
What is the remainder when 30441 is divided by 86?
83
Calculate the remainder when 17561 is divided by 217.
201
What is the remainder when 9548 is divided by 48?
44
What is the remainder when 11717 is divided by 177?
35
Calculate the remainder when 12532 is divided by 55.
47
What is the remainder when 1389 is divided by 133?
59
What is the remainder when 1104958 is divided by 40?
38
What is the remainder when 1389251 is divided by 27?
20
What is the remainder when 4130 is divided by 365?
115
What is the remainder when 26683 is divided by 4?
3
What is the remainder when 13710 is divided by 176?
158
Calculate the remainder when 21215 is divided by 2137.
1982
What is the remainder when 43483 is divided by 46?
13
What is the remainder when 708287 is divided by 137?
134
What is the remainder when 14530 is divided by 907?
18
What is the remainder when 112367 is divided by 845?
827
Calculate the remainder when 68744 is divided by 125.
119
What is the remainder when 249216 is divided by 132?
0
Calculate the remainder when 3906 is divided by 161.
42
Calculate the remainder when 5539 is divided by 920.
19
What is the remainder when 1810 is divided by 711?
388
What is the remainder when 7536 is divided by 272?
192
What is the remainder when 62095 is divided by 35?
5
Calculate the remainder when 1797 is divided by 408.
165
What is the remainder when 24517 is divided by 2433?
187
What is the remainder when 64722 is divided by 781?
680
Calculate the remainder when 430074 is divided by 182.
8
What is the remainder when 832890 is divided by 13?
6
Calculate the remainder when 1811 is divided by 570.
101
Calculate the remainder when 11340 is divided by 573.
453
What is the remainder when 2998 is divided by 500?
498
Calculate the remainder when 765194 is divided by 673.
666
What is the remainder when 54198 is divided by 293?
286
Calculate the remainder when 1971 is divided by 27.
0
Calculate the remainder when 3692 is divided by 177.
152
What is the remainder when 890 is divided by 96?
26
Calculate the remainder when 38766 is divided by 349.
27
Calculate the remainder when 2000 is divided by 106.
92
Calculate the remainder when 141231 is divided by 9.
3
Calculate the remainder when 225113 is divided by 594.
581
Calculate the remainder when 5001 is divided by 387.
357
Calculate the remainder when 23339 is divided by 600.
539
Calculate the remainder when 29568 is divided by 347.
73
Calculate the remainder when 29461 is divided by 58.
55
What is the remainder when 590811 is divided by 54?
51
What is the remainder when 3633 is divided by 2322?
1311
Calculate the remainder when 114967 is divided by 28.
27
Calculate the remainder when 76906 is divided by 68.
66
Calculate the remainder when 16997 is divided by 76.
49
What is the remainder when 50901 is divided by 33?
15
Calculate the remainder when 374267 is divided by 421.
419
Calculate the remainder when 45435 is divided by 463.
61
What is the remainder when 7615 is divided by 212?
195
Calculate the remainder when 19997 is divided by 177.
173
What is the remainder when 19033 is divided by 134?
5
Calculate the remainder when 1848 is divided by 257.
49
What is the remainder when 190562 is divided by 3?
2
Calculate the remainder when 1014 is divided by 681.
333
Calculate the remainder when 227522 is divided by 190.
92
